. Let k(q) = q**2 + 2*q - 4. Let v be k(3). Suppose z + 3*z = 5*u + v, 0 = 5*u - 3*z + 7. Let x be (0 + u)*(-1 + 0). Determine y(x).
6
Let b(h) be the third derivative of 0*h + 7/6*h**3 + 0 - 9*h**2 + 5/24*h**4. What is b(-6)?
-23
Suppose 0 = -5*u + 11 - 36. Let n(r) = -r**3 - 6*r**2 - 7*r - 13. Let b be n(u). Let t(p) = -2*p - 2. What is t(b)?
4
Let j(a) = -3 + 0 - 2*a - a + 12*a + 8. What is j(-1)?
-4
Let r(p) = -2*p - 2. Suppose 4*u = -16, -5*x + 5*u + 20 = -2*x. Suppose -i + 35 - 39 = x. Give r(i).
6
Suppose 44 = -3*s + 62. Let o(g) = 3*g + 0 - s + 7 + 6*g. Suppose -2*k - 1 = -3. What is o(k)?
10
Let z(c) = 3 - 11 - 11*c - 46*c**2 + 45*c**2. Determine z(-11).
-8
Suppose -3*j = -4*b + 9, 23*b - 19*b - 12 = 4*j. Let x(a) = a + 11. What is x(b)?
11
Let v(l) = -l + 4. Let w(f) = -2*f**2 + 8*f + 7. Let c be w(4). Suppose 5*p = -c + 7. What is v(p)?
4
Let u(l) = -l**2 - 10*l + 13. Suppose 5*y + 69 = 14. Let d be u(y). Let j(f) = 2*f**d - 3*f**3 - 5*f**3 + 0*f - 1 + 0*f. Determine j(1).
-7
Let k(r) = -11 + 19 - 2 + 6*r + 2*r**2. Calculate k(-4).
14
Let w(n) = 2*n + 15. Suppose -x = 4*m + 43, -3*m - 5*x - 51 = -8*x. Give w(m).
-9
Let q(o) = -190 + 57 + 15*o + 68 + 67. Determine q(-2).
-28
Let j(z) be the first derivative of z**4/4 + 4*z**3/3 + 3*z**2/2 + 10*z + 30. Calculate j(-5).
-30
Let g(n) = -n**3 - n**2 - 1. Let b(h) = -13*h**3 - 5*h**2 + h - 3. Let d(w) = -b(w) + 4*g(w). Let i = -5367 - -5366. Calculate d(i).
-8
Let x(i) = -2*i**2 - 7*i + 10. Let t(a) = -a**2 - 5*a + 7. Let o(h) = 7*t(h) - 5*x(h). Calculate o(-2).
11
Let h(b) be the second derivative of b**4/12 - b**3/6 + 2*b**2 - 7*b. Suppose -g + 2*q - 7 = 0, 0 = 5*g + 2*q + 2 - 27. Determine h(g).
10
Let d(b) = 9*b**2 - 8*b**2 + 0*b**2 - 1 + 0. Let q(c) = 3*c**2 + 7*c - 6. Let t(y) = -4*d(y) + q(y). Determine t(6).
4
Let c(r) = r**3 - 6*r**2 - 13*r - 15. Let m be c(8). Suppose -26 = -2*i - 8. Let b(p) = p**2 - i + m + p. Determine b(-1).
0
Suppose 7*i - i + 42 = 0. Let w = i + 1. Let d(l) = -4*l**2 + 3*l - 1. Let v(z) = 5*z**2 - 3*z + 1. Let h(m) = w*d(m) - 5*v(m). Determine h(-5).
-9
Suppose 0 = -3*x + 15. Suppose 3*j + 11 = n - 3, 5*n - 6 = -j. Let h(a) = -5*a**2 + 3*a - a**n + 2*a + 5*a**2. Determine h(x).
0
Let u(s) = -s**2 + 7*s + 7. Let i be u(8). Let r(c) be the first derivative of 9*c**2/2 - c - 1. Calculate r(i).
-10
Suppose -2*u - u + 60 = -2*n, u - 68 = 2*n. Let k be (n/(-24))/(6/20). Let g(c) = -3 - k + 9 + 6*c. Calculate g(2).
13
Let l(k) = 6*k + k**2 - 30 - 2*k**2 + 50 - 23. Suppose -5*a = -m - 4*a - 11, m + 5*a = 19. Let c(r) = r**2 + 6*r + 6. Let n be c(m). Determine l(n).
-3
Let p(z) = -z**3 + 7*z**2 - 8. Let g(l) = 10*l + 124. Let s be g(0). Let t = 131 - s. Determine p(t).
-8
Let i(t) = 5 - t**2 - 10 - 3*t - 2*t + t. Let f be -5*(-2 - (-28)/10). Give i(f).
-5
Let u(c) be the first derivative of 3*c**2/2 - 74. Give u(-5).
-15
Let f be (-15)/8 - (-4)/(-32). Let y be f + (2 - -4) - -1. Let w(d) = d**2 - 6*d + 4. What is w(y)?
-1
Let k = -6 + 6. Let a(p) = 12 + p + 0*p + k*p. Suppose 3*i + 14 = 4*y, 39 = -4*i - 2*y + 13. What is a(i)?
6
Let g(r) be the first derivative of r**3/3 - 2*r**2 - 2. Let y = 88 + -83. What is g(y)?
5
Let i(r) = 3*r + 26. Let w = 696 + -705. Give i(w).
-1
Let r(y) = -y. Let b(v) = 4*v + 8. Let h(g) = -b(g) - 3*r(g). Let o = 9 + -3. Give h(o).
-14
Let v = -65 - -115. Suppose v = -5*i + n, 3*n - 2*n - 23 = 2*i. Let u(f) = -f**2 - 11*f - 12. Calculate u(i).
6
Let l(g) be the second derivative of -g**7/840 + g**6/240 - g**5/40 - 5*g**4/2 - 6*g. Let i(z) be the third derivative of l(z). Determine i(3).
-21
Let v(f) = -f**2 - f - 2. Let s(c) = 3*c**2 + 8*c + 6. Let k(y) = -s(y) - 2*v(y). Let u(o) = 2*o + 7. Let h be u(-6). Determine k(h).
3
Let g(o) = 3*o**2 + o + 1. Let b be 1/((-1 + 2)*-1). Give g(b).
3
Let a(k) = -2*k**2 - 12 + 3*k**2 + 13 + k + k**2. Calculate a(-1).
2
Let c(f) = 16*f**2 - 13*f**3 + 11*f**2 + 14*f**3 + 4 - 37*f**2 + 3*f. What is c(10)?
34
Suppose 0 = -j - 2*r + 34, j - 12 = 2*r + 10. Let q = j + -34. Let x(z) = -z**2 - 6*z - 1. Calculate x(q).
-1
Let q be ((-3)/(-2))/((-15)/(-80)). Let k(p) = -q*p + 10 - 1 - 21*p**2 + 22*p**2. Give k(6).
-3
Let f(c) be the first derivative of 4*c**2 + 27*c - 2. Let d(i) = -3*i - 9. Let o(j) = 11*d(j) + 4*f(j). What is o(4)?
5
Let q(y) = y**3 - 4*y**2 + 3*y + 2. Suppose -3*a + 12 = -f, 2*f - 5*a = 4*f - 31. Let c be q(f). Let g(v) = 3*v**2 - c + 3*v - v**2 + v**3 - v. What is g(-2)?
-6
Let w(l) = -6*l**2 + 3*l + 2. Let x(t) be the third derivative of 7*t**5/60 - t**4/8 - t**3/2 - 3*t**2. Let g(n) = 6*w(n) + 5*x(n). Calculate g(2).
-1
Let h(k) = -3*k - 5. Let p(r) = -1. Let g(i) = h(i) - 6*p(i). Suppose 30 = 4*n + 10. Suppose 3*t - 11 = 4*c + 15, 3*t + n*c = -19. Give g(t).
-5
Let z(x) = x**3 + 8*x**2 + 7*x. Let a(k) = -11*k + 60. Let m be a(6). Determine z(m).
30
Let c = 7 + -10. Let x be (-2 + -1)*(-40)/(-45)*c. Let d(p) = p - 5. What is d(x)?
3
Suppose 4*q - 4*u = 108, -2*q + 12 = 5*u - 14. Let p = q + -29. Let d(f) = f**3 + 6*f**2 + f + 3. Calculate d(p).
-3
Let v(d) = 18*d**2 - 4*d - 9. Let a(g) = 37*g**2 - 6*g - 15. Let h(u) = -4*a(u) + 7*v(u). Calculate h(-1).
-21
Let z = -33 + 36. Let s(i) = 4*i**3 - 6*i**z + 7*i**2 + 3*i**3 + 3 - 3*i + 11*i. Give s(-5).
13
Suppose -8 = -0*p + 4*p, 10 = 2*w - 5*p. Let u(g) = -g**3 + g**2 - g + 4. Let s(z) = -4*z**3 + 5*z**2 - 4*z + 16. Let t(o) = 2*s(o) - 9*u(o). Give t(w).
-4
Let r(n) = -n**3 + 8*n**2 + 2*n - 8. Let o(d) = 24*d**2 + 8 + 2*d - 5*d - 25*d**2 + d. Let h be o(0). Calculate r(h).
8
Let h be (-5)/((-6)/(-18)*-3). Let s(p) = p**2 - 4*p + 1. Calculate s(h).
6
Let s(h) = 6*h + 267. Let f be s(-45). Let p(o) be the third derivative of -o**4/8 - 2*o**3/3 - o**2. Calculate p(f).
5
Suppose -15*i + 121 = 46. Let t(c) be the second derivative of c**5/20 - c**4/3 - 5*c**3/6 - c**2 - c. Give t(i).
-2
Let l(f) = f**3 - f**2 - 13*f + 5. Suppose -3*n = -4*t - 20, n - 4*t - 5 = 7. Determine l(n).
1
Let n be 104/(-17) + (-4)/(-34). Let k(c) = c - 4. Let m be k(6). Let i(z) = -3*z - 2*z + 0*z - 5 - 2*z - z**m. What is i(n)?
1
Let d(o) = -68*o + 476. Let r be d(7). Let k(v) = -v**2 + v - 44. Calculate k(r).
-44
Let i = 15 - 21. Let g = i - -6. Suppose 4*r + 3*j - j + 24 = g, 0 = -2*j - 8. Let t(v) = -v**2 - 4*v + 2. Give t(r).
2
Let i(o) = o**3 - 9*o**2 - 21*o + 15. Suppose d - 12 + 1 = 0. Let v be i(d). Let g(k) = k**3 + 5*k + v*k**2 - 21*k**2 - k. Calculate g(-3).
6
Let s(r) = -r**2 - 2*r. Let j(v) = -2*v**2 - 6*v - 1. Let a(i) = 4*j(i) - 11*s(i). Calculate a(-2).
12
Let d(n) = 5 + 3*n + 3*n**3 - 10*n - 4*n**2 - 2*n**3 - n**2. Suppose -2*u - c = -13, -7*c = -4*c - 3. What is d(u)?
-1
Let w(z) = -2 + 28*z - 15*z + 2. Determine w(-1).
-13
Let b(q) = 5*q + 26. Let c be b(0). Let o(u) = u**2 - 20*u + u**2 + 2 + c*u. Determine o(-4).
10
Let i(v) = -v**3 - 12*v**2 - 8*v - 4. Let c(w) = 2*w**3 - 10*w**2 + 17*w - 47. Let b be c(4). Calculate i(b).
-37
Let b be (-4)/(-5)*(-15)/6. Let q(o) be the third derivative of -o**6/120 - o**5/60 - o**4/24 + o**3/6 - 2*o**2. Calculate q(b).
7
Let k(j) = j**2 - 4*j + 4. Let t(u) = u**3 + 18*u**2 + 32*u + 4. Let p be t(-16). What is k(p)?
4
Suppose 3*r - 130 = -2*r. Let q = -33 + r. Let i be 2/3*(q - 2). Let m(v) = -v**2 - 5*v + 5. What is m(i)?
-1
Let v(y) = -y**2 + 9*y - 15. Let o(l) = -4*l**2 + 37*l - 61. Let g(q) = -2*o(q) + 9*v(q). Let x be g(5). Let u(p) = 3*p + 3. Determine u(x).
-6
Let a(c) = -c**2 - 2*c + 1. Let j(n) be the second derivative of n**4/12 + 5*n**3/3 + 5*n**2/2 - 2*n. Let t be j(-9). Calculate a(t).
-7
Let f(d) = -10*d. Let n be f(0). Let b(a) be the third derivative of 0 - 1/24*a**4 - a**3 + n*a + 6*a**2. Determine b(5).
-11
Let x(g) = -g**3 + 6*g**2 - 7. Let b = 168 - 87. Suppose 2*h = -h + b. Suppose h + 3 = 5*o. Give x(o).
-7
Let m be ((-9)/(-18))/(1/74). Let l = m + -35. Let c(k) = 2*k**2 + 3*k - 1. Give c(l).
13
Let a(k) = -k**3 + 8*k**2 + 9*k. Suppose -4*s + 2*s + 18 = 0. What is a(s)?
0
Let o be (-64)/(-6) + 42/(-63). Suppose -o = -5*h, 5*h = -x + 5 - 0. Let f(r) = r**3 + 6*r**2 - 2*r - 5. What is f(x)?
30
Let c(f) be the third derivative of -f**5/60 + f**4/8 + f**3/2 + 19*f**2 - f. Calculate c(6).
-15
Let s(z) = -45 + 3*z + 52 - 4*z. Suppose 3*v - 4*j + 5 = j, 3*j = 3*v + 3. Give s(v).
7
Let q(s) = 106